is the remainder when 11507 is divided by 116?
23
Calculate the remainder when 75309 is divided by 127.
125
Calculate the remainder when 11893 is divided by 1320.
13
Calculate the remainder when 86491 is divided by 36.
19
Calculate the remainder when 3250 is divided by 528.
82
Calculate the remainder when 23976 is divided by 23976.
0
Calculate the remainder when 2738 is divided by 2728.
10
Calculate the remainder when 2209 is divided by 313.
18
Calculate the remainder when 7830 is divided by 2.
0
What is the remainder when 478 is divided by 134?
76
Calculate the remainder when 15594 is divided by 742.
12
What is the remainder when 98704 is divided by 257?
16
What is the remainder when 15648 is divided by 1918?
304
What is the remainder when 3010 is divided by 179?
146
What is the remainder when 5840 is divided by 2881?
78
Calculate the remainder when 636 is divided by 128.
124
What is the remainder when 119135 is divided by 3971?
5
Calculate the remainder when 400979 is divided by 4050.
29
What is the remainder when 500661 is divided by 184?
181
What is the remainder when 6355 is divided by 495?
415
Calculate the remainder when 5419 is divided by 101.
66
Calculate the remainder when 11415 is divided by 76.
15
Calculate the remainder when 26572 is divided by 186.
160
Calculate the remainder when 10000 is divided by 833.
4
What is the remainder when 536279 is divided by 436?
435
What is the remainder when 74362 is divided by 658?
8
Calculate the remainder when 33963 is divided by 34.
31
What is the remainder when 12776 is divided by 192?
104
What is the remainder when 20477 is divided by 1692?
173
What is the remainder when 111575 is divided by 111566?
9
What is the remainder when 589 is divided by 309?
280
Calculate the remainder when 29577 is divided by 110.
97
What is the remainder when 12762 is divided by 185?
182
What is the remainder when 7070 is divided by 516?
362
Calculate the remainder when 3716 is divided by 73.
66
What is the remainder when 11014 is divided by 306?
304
What is the remainder when 5336 is divided by 68?
32
Calculate the remainder when 7942 is divided by 608.
38
Calculate the remainder when 3682 is divided by 19.
15
What is the remainder when 35715 is divided by 45?
30
Calculate the remainder when 2841 is divided by 149.
10
What is the remainder when 3927 is divided by 70?
7
Calculate the remainder when 57818 is divided by 67.
64
Calculate the remainder when 3762 is divided by 3760.
2
What is the remainder when 14588 is divided by 1876?
1456
What is the remainder when 196501 is divided by 14?
11
What is the remainder when 25174 is divided by 8110?
844
Calculate the remainder when 4605 is divided by 42.
27
Calculate the remainder when 1446 is divided by 154.
60
What is the remainder when 16109 is divided by 58?
43
Calculate the remainder when 20179 is divided by 632.
587
What is the remainder when 3739 is divided by 724?
119
Calculate the remainder when 3800206 is divided by 13.
7
Calculate the remainder when 375 is divided by 195.
180
Calculate the remainder when 31460 is divided by 137.
87
What is the remainder when 1664 is divided by 199?
72
What is the remainder when 207863 is divided by 1094?
3
Calculate the remainder when 13350 is divided by 4444.
18
What is the remainder when 12966 is divided by 96?
6
Calculate the remainder when 18136 is divided by 3575.
261
What is the remainder when 9591 is divided by 4749?
93
Calculate the remainder when 379063 is divided by 185.
183
Calculate the remainder when 5912 is divided by 842.
18
What is the remainder when 21680 is divided by 978?
164
Calculate the remainder when 15498 is divided by 408.
402
Calculate the remainder when 24636 is divided by 24634.
2
Calculate the remainder when 127607 is divided by 79.
22
What is the remainder when 367956 is divided by 10?
6
What is the remainder when 1062045 is divided by 271?
267
What is the remainder when 13025 is divided by 18?
11
Calculate the remainder when 224452 is divided by 583.
580
Calculate the remainder when 7499 is divided by 1666.
835
Calculate the remainder when 218916 is divided by 39.
9
What is the remainder when 902 is divided by 116?
90
Calculate the remainder when 106702 is divided by 97.
2
What is the remainder when 2265764 is divided by 11?
6
Calculate the remainder when 125778 is divided by 7.
2
Calculate the remainder when 162987 is divided by 85.
42
What is the remainder when 14733 is divided by 702?
693
Calculate the remainder when 841 is divided by 239.
124
Calculate the remainder when 239749 is divided by 1029.
1021
What is the remainder when 3105 is divided by 976?
177
What is the remainder when 9037 is divided by 20?
17
What is the remainder when 149171 is divided by 2763?
2732
Calculate the remainder when 9959 is divided by 417.
368
What is the remainder when 225122 is divided by 75035?
17
Calculate the remainder when 5183 is divided by 1252.
175
Calculate the remainder when 419451 is divided by 464.
459
What is the remainder when 25133 is divided by 397?
122
Calculate the remainder when 14761 is divided by 2458.
13
What is the remainder when 11200 is divided by 2248?
2208
What is the remainder when 1015 is divided by 286?
157
Calculate the remainder when 49424 is divided by 9883.
9
What is the remainder when 1084479 is divided by 292?
283
What is the remainder when 28375 is divided by 346?
3
Calculate the remainder when 14482 is divided by 690.
682
Calculate the remainder when 461496 is divided by 5.
1
Calculate the remainder when 15287 is divided by 65.
12
Calculate the remainder when 29607 is divided by 59.
48
What is the remainder when 4129 is divided by 53?
48
Calculate the remainder when 3798 is divided by 4.
2
What is the remainder when 33031 is divided by 327?
4
What is the remainder when 1802884 is divided by 8?
4
Calculate the remainder when 2025 is divided by 615.
180
Calculate the remainder when 10878 is divided by 677.
46
Calculate the remainder when 1109955 is divided by 38.
13
Calculate the remainder when 19662 is divided by 15.
12
Calculate the remainder when 79154 is divided by 406.
390
What is the remainder when 328576 is divided by 1133?
6
What is the remainder when 12073 is divided by 66?
61
Calculate the remainder when 31247 is divided by 168.
167
What is the remainder when 11144 is divided by 5402?
340
What is the remainder when 295 is divided by 193?
102
What is the remainder when 37554 is divided by 39?
36
Calculate the remainder when 1108964 is divided by 39.
38
Calculate the remainder when 208030 is divided by 69335.
25
Calculate the remainder when 3306045 is divided by 16.
13
What is the remainder when 79297 is divided by 311?
303
What is the remainder when 96888 is divided by 187?
22
What is the remainder when 12147 is divided by 81?
78
Calculate the remainder when 8501 is divided by 105.
101
What is the remainder when 9657 is divided by 1376?
25
Calculate the remainder when 412 is divided by 22.
16
Calculate the remainder when 7536 is divided by 5.
1
What is the remainder when 25858 is divided by 20?
18
What is the remainder when 2652 is divided by 556?
428
Calculate the remainder when 234689 is divided by 234683.
6
What is the remainder when 3072 is divided by 342?
336
Calculate the remainder when 2296217 is divided by 185.
182
What is the remainder when 62912 is divided by 588?
584
Calculate the remainder when 21437 is divided by 67.
64
What is the remainder when 87016 is divided by 76?
72
What is the remainder when 15110 is divided by 125?
110
What is the remainder when 10700 is divided by 10676?
24
Calculate the remainder when 7851 is divided by 48.
27
Calculate the remainder when 13838 is divided by 165.
143
What is the remainder when 578487 is divided by 116?
111
Calculate the remainder when 3099 is divided by 773.
7
Calculate the remainder when 2139 is divided by 268.
263
Calculate the remainder when 159807 is divided by 454.
453
What is the remainder when 8801 is divided by 8?
1
What is the remainder when 12940 is divided by 43?
40
What is the remainder when 8447 is divided by 192?
191
Calculate the remainder when 3767 is divided by 483.
386
What is the remainder when 183696 is divided by 59?
29
Calculate the remainder when 88577 is divided by 399.
398
Calculate 